d(t) = t**2 + 116*t - 1422. Determine d(11).
-25
Let g(b) = -b**3 - 11*b**2 - 14*b - 323. Determine g(-12).
-11
Let m(c) = -5*c - 16. Calculate m(-15).
59
Let b(r) = -2*r**2 - 2352*r + 47840. Give b(20).
0
Let o(d) = 92*d**2 + 25*d + 1. What is o(1)?
118
Let w(t) = -t**3 - 5*t**2 + 105*t + 650. Calculate w(-8).
2
Let v(y) = 64*y**2 - 195*y + 12. What is v(3)?
3
Let f(c) = 146*c + 6443. Determine f(-44).
19
Let c(q) = -127*q + 764. What is c(6)?
2
Let n(u) = u**3 - 7*u**2 + 36*u - 91. Give n(4).
5
Let o(a) = 12*a - 129. What is o(-14)?
-297
Let g(f) = -7*f**3 + 92*f**2 - 220*f - 33. What is g(10)?
-33
Let c(j) = j**3 - 14*j**2 + 34*j + 36. Calculate c(11).
47
Let b(s) = -s**2 + 209*s - 6102. Determine b(174).
-12
Let o(u) = -35*u - 15193. Determine o(-434).
-3
Let n(z) = z**3 + 14*z**2 + 10*z + 17. Calculate n(-13).
56
Let q(m) = 9*m**2 + 2276*m + 6495. Give q(-250).
-5
Let v(g) = -2*g**2 + 36*g - 169. Calculate v(8).
-9
Let r(u) = 2*u**3 - 26*u**2 - 21*u - 95. What is r(14)?
3
Let a(i) = 168*i - 7006. Calculate a(41).
-118
Let x(s) = -8*s - 48. Give x(-14).
64
Let v(j) = -766*j - 7599. Calculate v(-10).
61
Let h(f) = f**3 - 2*f**2 - 5*f - 108. What is h(6)?
6
Let b(x) = -7*x**2 - 171*x + 1196. Give b(-30).
26
Let g(v) = -6*v + 226. Determine g(-13).
304
Let q(s) = -166*s - 2309. Calculate q(-14).
15
Let h(q) = q**3 + 180*q**2 - 2517*q - 1532. Determine h(-193).
12
Let r(g) = 2*g**3 - 12*g**2 + 13*g - 9. Determine r(8).
351
Let m(l) = 63474*l + 571267. Give m(-9).
1
Let c(p) = -9*p + 8. What is c(-7)?
71
Let k(s) = 4*s**3 - 29*s**2 - 11*s + 125. Give k(7).
-1
Let p(v) = -2*v**3 - 134*v**2 - 509*v - 10. Calculate p(-4).
10
Let o(p) = 56*p + 1871. Calculate o(-32).
79
Let w(f) = -2*f**3 + 315*f**2 - 144*f - 2036. What is w(157)?
5
Let l(n) = n**3 + 18*n**2 + 6*n - 18. Calculate l(-18).
-126
Let f(n) = -2*n**2 + 18*n - 164. Calculate f(7).
-136
Let a(y) = y**2 + 6*y - 415. What is a(-24)?
17
Let t(m) = -m**3 - 3*m**2 + 44*m - 1. Determine t(-9).
89
Let d(u) = 2*u**3 + 12*u**2 + u + 15. What is d(0)?
15
Let h(a) = a**3 - 9*a**2 + 19*a - 33. Give h(7).
2
Let k(f) = -5*f**3 + 31*f**2 - 7*f + 21. What is k(6)?
15
Let u(y) = 43*y**3 - 9*y**2 + 3*y + 11. Calculate u(-1).
-44
Let w(h) = h**3 - h**2 + h + 1. Determine w(-2).
-13
Let v(r) = -51*r - 1822. Determine v(-31).
-241
Let z(b) = b**3 + 27*b**2 - 13*b - 394. Give z(-27).
-43
Let s(w) = -w**3 - 17*w**2 - 51*w + 11. Give s(-7).
-122
Let t(z) = z**3 + 20*z**2 + 73*z + 20. Calculate t(-15).
50
Let k(u) = 2*u**3 + 74*u**2 - 9*u - 69. What is k(-37)?
264
Let s(t) = -9*t + 687. Calculate s(75).
12
Let o(w) = 8*w**3 - w**2 - 10*w + 9. Give o(1).
6
Let z(n) = -n**3 + 4*n**2 + 19*n - 22. Determine z(7).
-36
Let q(u) = u**3 - 5*u**2 - 2*u + 5. Determine q(7).
89
Let m(r) = -r**2 + 10*r - 120. Give m(7).
-99
Let x(f) = -2*f**2 + 203*f + 1422. Determine x(-7).
-97
Let f(p) = -5*p**3 - 5*p**2 - 14*p - 21. What is f(-2)?
27
Let k(a) = 4*a**2 + 73*a + 146. What is k(-2)?
16
Let f(m) = -3*m**2 + 218*m - 110. Give f(72).
34
Let k(b) = 49*b + 1804. Determine k(-33).
187
Let x(k) = -21*k**2 - 1474*k - 160. Determine x(-70).
120
Let c(n) = -86*n - 174. Determine c(-2).
-2
Let n(a) = 32*a - 1143. Give n(36).
9
Let n(d) = -34*d - 230. What is n(-6)?
-26
Let w(o) = -49*o + 384. Determine w(4).
188
Let z(t) = -5*t**3 - 44*t**2 - 2*t - 31. Give z(-9).
68
Let n(d) = 3*d + 89. What is n(-33)?
-10
Let y(d) = -105*d**3 + 4*d**2 - 3*d + 3. What is y(1)?
-101
Let u(y) = -y**2 - 26*y + 483. Give u(-38).
27
Let r(b) = b**3 - 61*b**2 + 279*b + 22. Give r(56).
-34
Let i(r) = r**2 - 47*r + 507. What is i(29)?
-15
Let r(s) = -389*s + 486. What is r(1)?
97
Let i(l) = l**3 + 4*l**2 - 6*l - 134. Determine i(4).
-30
Let b(l) = -l**3 + 18*l**2 - 54*l + 34. Determine b(2).
-10
Let z(n) = -1245*n + 19970. Give z(16).
50
Let t(p) = -p**3 - 14*p**2 + 92*p + 81. What is t(-19)?
138
Let b(k) = -31*k + 768. What is b(29)?
-131
Let b(f) = 27*f + 235. Determine b(-2).
181
Let b(l) = 314*l - 928. Determine b(3).
14
Let v(j) = 580*j - 4060. Calculate v(7).
0
Let t(v) = 13*v**2 - 7*v - 41. Give t(-2).
25
Let b(f) = -f**2 - 26*f - 99. Calculate b(-21).
6
Let u(t) = -23*t**2 - 258*t - 22. What is u(-11)?
33
Let d(i) = -54*i**2 - 30*i - 58. Determine d(-2).
-214
Let p(d) = -d**3 + 9*d**2 + 54*d + 186. Determine p(14).
-38
Let m(y) = y**3 - 3*y**2 + 6*y + 8. What is m(4)?
48
Let f(q) = -18*q**2 + 69*q + 70. What is f(-1)?
-17
Let z(b) = -2*b**3 - 3*b**2 + 7*b - 10. Give z(3).
-70
Let h(z) = z**3 - 81*z**2 - 843*z - 296. Give h(-9).
1
Let f(g) = -2*g**3 + 164*g**2 - 3*g + 262. What is f(82)?
16
Let j(u) = -2*u**3 - 8*u**2 - 33*u - 58. What is j(-3)?
23
Let b(t) = -25*t**2 + 2427*t - 205. Calculate b(97).
-11
Let y(m) = -m**2 + 17*m + 88. Give y(-4).
4
Let k(s) = -s**3 - s**2 + 187*s - 10. Give k(13).
55
Let l(y) = -7*y**2 - 278*y + 317. Give l(-41).
-52
Let p(k) = k**3 - 5*k**2 + 98*k - 990. What is p(8)?
-14
Let u(s) = -5*s**2 + 34*s - 151. Give u(11).
-382
Let l(y) = -9792*y + 29384. Calculate l(3).
8
Let r(n) = -3*n**3 + 14*n**2 + 26*n - 90. Calculate r(5).
15
Let b(q) = -13*q**2 + 159*q - 25. Calculate b(12).
11
Let u(t) = 288*t - 602. Determine u(2).
-26
Let f(x) = -156*x + 372. Determine f(3).
-96
Let c(y) = -4*y - 670. Determine c(-83).
-338
Let n(w) = 22*w - 215. Determine n(8).
-39
Let x(o) = 24*o - 1516. Give x(59).
-100
Let w(i) = -35*i**2 - 28*i + 2. Calculate w(2).
-194
Let u(l) = -l**2 + 62*l + 820. Give u(73).
17
Let z(m) = 54*m + 5671. Give z(-105).
1
Let s(a) = -a**3 - 63*a**2 - 182*a - 193. Determine s(-60).
-73
Let n(z) = 3*z - 242. Give n(-10).
-272
Let o(m) = -m**3 + 38*m**2 + 78*m + 42. What is o(40)?
-38
Let c(n) = 6*n**3 - 505*n**2 + 578*n + 239. Determine c(83).
-10
Let q(o) = 168*o + 49. Calculate q(0).
49
Let w(n) = -279*n + 2782. Determine w(10).
-8
Let r(j) = j**3 - 15*j**2 + 49*j + 69. Calculate r(8).
13
Let j(z) = 115*z + 820. Give j(-7).
15
Let v(l) = -5*l**2 + 57*l - 14. Determine v(12).
-50
Let l(w) = 13*w**2 - 158*w + 6. What is l(12)?
-18
Let d(m) = -2*m**3 - 10*m**2 + 4*m + 15. What is d(-6)?
63
Let m(q) = 67*q + 2265. Give m(-33).
54
Let t(j) = -85*j + 1683. Give t(20).
-17
Let v(f) = f**2 - 14*f - 36. Calculate v(21).
111
Let g(m) = 20*m**2 - 2563*m + 390. Determine g(128).
6
Let l(i) = 105*i - 482. What is l(6)?
148
Let x(s) = -32*s - 6544. What is x(-208)?
112
Let j(r) = -r**3 - 10*r**2 + 8*r + 26. Give j(-9).
-127
Let j(o) = 928*o + 11112. Calculate j(-12).
-24
Let n(p) = 10*p + 843. Calculate n(-35).
493
Let h(d) = -29*d - 130. What is h(-5)?
15
Let b(k) = 5*k + 162. What is b(0)?
162
Let c(j) = -j**2 - 24*j + 3316. What is c(47)?
-21
Let g(s) = -2*s**2 - 42*s + 553. What is g(9)?
13
Let o(a) = a**3 + 36*a**2 + 323*a + 10075. Calculate o(-35).
-5
Let c(k) = -86*k - 1250. Determine c(-14).
-46
Let z(c) = -2*c**3 - 67*c**2 + 254*c + 5211. Determine z(-35).
-4
Let c(i) = -2*i**3 - 23*i**2 + 145*i + 13. Determine c(-16).
-3
Let s(p) = 6*p**2 + p + 10. Calculate s(-4).
102
Let q(w) = -134*w**2 + 14742*w - 212. Determine q(110).
8
Let i(p) = -9*p**3 + 77*p**2 - 101*p + 13. What is i(7)?
-8
Let z(d) = -12*d**2 - 24*d - 7. Determine z(-3).
-43
Let n(q) = 14*q - 471. Calculate n(32).
-23
Let h(w) = 84*w + 21011. Determine h(-250).
11
Let m(k) = 2*k**3 + 119*k**2 - 84*k - 1448. Determine m(-60).
-8
Let n(m) = -m**3 + 25*m**2 - 74*m - 25. Calculate n(4).
15
Let c(n) = -291*n**2 - 35506*n - 506. Give c(-122).
-18
Let z(b) = -b**3 - 27*b**2 - 164*b + 18. What is z(-17)?
-84
Let q(x) = -4*x**2 - 16*x + 55. Calculate q(-6).
7
Let p(s) = -6*s**3 - 8*s**2 + 11*s + 9. Give p(3).
-192
Let b(i) = -16*i**2 + 14*i + 8. Determine b(2).
-28
Let n(w) = -2*w**3 + 163*w**2 + 84*w - 158. Determine n(82).
6
Let f(h) = -49*h + 7158. Calculate f(142).
200
Let x(d) = 13*d**3 + 11*d**2 + 6*d - 3. What is x(-1)?
-11
Let f(d) = 6*d**2 - 249*d + 112. What is f(41)?
-11
Let t(d) = -3*d**3 + 10*d**2 + 18*d - 7. Calculate t(-2).
21
Let v(f) = 62*f - 380. What is v(6)?
-8
Let h(f) = -f**3 + 15*f**2 - 42*f - 12. Determine h(8).
100
Let o(v) = 3*v**3 + 14*v**2 - 7*v - 43. Determine o(-6).
-145
Let g(j) = j**2 - 287*j + 570. Determine g(2).
0
Let a(o) = o**3 + 74*o**2 + 67*o - 71. What is a(-73)?
367
Let m(u) = -5*u**3 - u**2 - 27*u - 58. Determine m(-